{"id":3254,"date":"2024-08-25T19:17:38","date_gmt":"2024-08-25T19:17:38","guid":{"rendered":"https:\/\/hugueny.de\/blog\/?page_id=3254"},"modified":"2024-09-11T19:58:16","modified_gmt":"2024-09-11T19:58:16","slug":"schweden-norwegen-8-2024","status":"publish","type":"page","link":"https:\/\/hugueny.de\/blog\/?page_id=3254","title":{"rendered":"Schweden, Norwegen &#8211; 8.2024"},"content":{"rendered":"\n<h2 class=\"wp-block-heading\">Malm\u00f6<\/h2>\n\n\n\nngg_shortcode_0_placeholder\n\n\n\n<h2 class=\"wp-block-heading\">Stockholm <\/h2>\n\n\n\nngg_shortcode_1_placeholder\n\n\n\n<h2 class=\"wp-block-heading\">Strecke \/ Route Stockholm-Ume\u00e5-Lule\u00e5-Narvik<\/h2>\n\n\n\nngg_shortcode_2_placeholder\n\n\n\n<h2 class=\"wp-block-heading\">Von Narvik nach Svolv\u00e6r<\/h2>\n\n\n\nngg_shortcode_3_placeholder\n\n\n\n<h2 class=\"wp-block-heading\">Nordlichter<\/h2>\n\n\n\nngg_shortcode_4_placeholder\n\n\n\n<h2 class=\"wp-block-heading\">Trollfjord<\/h2>\n\n\n\nngg_shortcode_5_placeholder\n\n\n\n<h2 class=\"wp-block-heading\">Svolv\u00e6r &#8211; Leknes<\/h2>\n\n\n\nngg_shortcode_6_placeholder\n\n\n\n<h2 class=\"wp-block-heading\">Leknes &#8211; S\u00f8rv\u00e5gen<\/h2>\n\n\n\nngg_shortcode_7_placeholder\n\n\n\n<h2 class=\"wp-block-heading\">R\u00fcckweg: 3200 km von S\u00f8rv\u00e5gen nach Hattersheim \/ Retour : 3200 km de S\u00f8rv\u00e5gen nach Hattersheim<\/h2>\n\n\n\nngg_shortcode_8_placeholder\n\n\n\n<h2 class=\"wp-block-heading\">Flora &amp; Fauna<\/h2>\n\n\n\nngg_shortcode_9_placeholder\n","protected":false},"excerpt":{"rendered":"<p>Malm\u00f6 Stockholm Strecke \/ Route Stockholm-Ume\u00e5-Lule\u00e5-Narvik Von Narvik nach Svolv\u00e6r Nordlichter Trollfjord Svolv\u00e6r &#8211; Leknes Leknes &#8211; S\u00f8rv\u00e5gen R\u00fcckweg: 3200 km von S\u00f8rv\u00e5gen nach Hattersheim \/ Retour :&#8230;<\/p>\n","protected":false},"author":1,"featured_media":3479,"parent":0,"menu_order":0,"comment_status":"closed","ping_status":"closed","template":"","meta":{"ngg_post_thumbnail":0,"pgc_sgb_lightbox_settings":"","footnotes":""},"class_list":["post-3254","page","type-page","status-publish","has-post-thumbnail","hentry"],"_links":{"self":[{"href":"https:\/\/hugueny.de\/blog\/index.php?rest_route=\/wp\/v2\/pages\/3254","targetHints":{"allow":["GET"]}}],"collection":[{"href":"https:\/\/hugueny.de\/blog\/index.php?rest_route=\/wp\/v2\/pages"}],"about":[{"href":"https:\/\/hugueny.de\/blog\/index.php?rest_route=\/wp\/v2\/types\/page"}],"author":[{"embeddable":true,"href":"https:\/\/hugueny.de\/blog\/index.php?rest_route=\/wp\/v2\/users\/1"}],"replies":[{"embeddable":true,"href":"https:\/\/hugueny.de\/blog\/index.php?rest_route=%2Fwp%2Fv2%2Fcomments&post=3254"}],"version-history":[{"count":12,"href":"https:\/\/hugueny.de\/blog\/index.php?rest_route=\/wp\/v2\/pages\/3254\/revisions"}],"predecessor-version":[{"id":3624,"href":"https:\/\/hugueny.de\/blog\/index.php?rest_route=\/wp\/v2\/pages\/3254\/revisions\/3624"}],"wp:featuredmedia":[{"embeddable":true,"href":"https:\/\/hugueny.de\/blog\/index.php?rest_route=\/wp\/v2\/media\/3479"}],"wp:attachment":[{"href":"https:\/\/hugueny.de\/blog\/index.php?rest_route=%2Fwp%2Fv2%2Fmedia&parent=3254"}],"curies":[{"name":"wp","href":"https:\/\/api.w.org\/{rel}","templated":true}]}}